y - 16, 4*w + 4*y = -32. Let v(g) = -g**2 - 5*g - 11. Let o be v(w). What is j(o)?
9
Let n(s) = -s**3 - 14*s**2 - 3*s - 31. Suppose 2*w = -5*f - 58, 0 = -76*w + 72*w + 5*f - 26. What is n(w)?
11
Let q(y) = -y**2 + 3*y + 3. Let t(j) = 13*j**2 - 30*j - 61. Let s(i) = -11*q(i) - t(i). Determine s(3).
1
Let o(y) = y**3 - 2*y**2 - y - 4. Let b be ((-6 - -7) + 14/(-3))*3. Let c be b + 19 - (4 - 0). Give o(c).
24
Let c be 238/102 + (-10)/(-6). Suppose -3*b - 3*q = -24, -c*b = -5*q - 44 + 12. Let d(x) = x**3 - 7*x**2 - 7*x - 8. Give d(b).
0
Let q(h) = -10*h - 5. Suppose -12*l = 12*l + 881 - 929. Calculate q(l).
-25
Suppose -2*m - 6 = 0, -3*r + 7 = -4*m - 11. Let q(v) = -v**2 - 8*v - 3*v**r - 7 + 3*v**2 + v. Determine q(-5).
3
Let l(h) be the second derivative of h**4/6 - 3*h**3/2 - h**2/2 - 134*h - 2. Suppose 5*m = 4*d + 28, -5*d - 10 + 0 = 0. Calculate l(m).
-5
Suppose 0 = 5*f - 15, -2*f - 8 = 2*z. Let n(j) be the first derivative of j**4/4 + 11*j**3/3 + 29*j**2/2 + 10*j - 29325. Calculate n(z).
3
Let b(u) = 4*u**2 - 38*u - 7. Let d(f) = 15*f**2 - 150*f - 22. Let q(t) = -23*b(t) + 6*d(t). Calculate q(-13).
29
Suppose -4*s = -4*a + 7*a - 1008, 504 = 2*s + 3*a. Let u be ((-6)/(-21))/(18/s). Let b(n) be the first derivative of 3*n**2/2 - 5*n + 2. What is b(u)?
7
Suppose 0*h - 3*h - 3 = 0. Let g be h*1*-5 + -1. Let z(x) be the second derivative of -x**5/20 + x**4/4 + x**2 - 30115*x. Determine z(g).
-14
Let g = 98 + -93. Let x(r) = r + 10*r - 9*r - 5 + 1. Determine x(g).
6
Let j = 6 + -3. Let n(y) = -22*y - 3 + 46*y - 3*y**j - 13*y - 2*y**2 - 15*y. Determine n(-2).
21
Let j(i) = -i**2 - 2*i + 4. Let o be j(-3). Let c = 1286 - 1283. Let w(m) = 1 - 14*m**c + 10*m**2 - 138*m - 9*m**2 + 137*m. Give w(o).
-13
Let x(j) be the third derivative of j**6/120 - 2*j**5/15 - 7*j**4/24 + 49*j**3/6 - 8*j**2 + 9*j. Determine x(8).
-7
Let k(h) = -h**3 + 3*h**2 - h + 1. Let b(a) = -3*a + 54. Let m be b(18). Suppose m = 2*y - 8, -3*c + 5*y = -7 + 21. Give k(c).
3
Let i(q) = q**3 + 16*q**2 + 34*q + 86. Let r be i(-14). Let a(k) = k**3 + k**2 + k - 5. Give a(r).
9
Let n be (-2 - 130/3)*(-753)/(-502). Let i(s) = s**3 + 3*s**2 + 3*s + 3. Let g be i(-5). Let l = g - n. Let x(b) = b - 4. What is x(l)?
2
Let q(y) = -225*y**3 - 4*y**2 - 4*y + 1. Let w(b) = -71*b**3 - b. Let t(a) = -q(a) + 4*w(a). What is t(-1)?
62
Let k = 1559 - 1552. Let m(q) be the third derivative of -q**5/60 + 5*q**4/24 + 7*q**3/3 + 8*q**2. What is m(k)?
0
Let n(u) = -4*u - 3. Let w = 158 + -138. Suppose 0*y = -2*l + 2*y - w, 4*l = -2*y - 22. What is n(l)?
25
Let s(f) = f**2. Let i be s(-1). Let o be (-6)/(0 - i - 1). Let w(t) = -317*t**2 + 164*t**2 - 1 + 151*t**2 - 1 - 3*t + 5*t. Give w(o).
-14
Let b = -319 + 420. Let y = b + -110. Let w(a) = -a**3 - 8*a**2 + 10*a + 9. Give w(y).
0
Let x = -7370/3 + 2459. Let g(w) be the second derivative of -35*w - x*w**3 - 1/2*w**2 + 0. Determine g(-1).
13
Let v(o) = 0*o + o**2 - 4*o - 2*o. Suppose 0 = -4*m - 5*y + 15, 50 = 3*m - 2*y + 33. What is v(m)?
-5
Let k(h) = -2*h**3 + 8*h + 20*h**2 + 6*h**3 - 12*h + 13 - 9*h**3 + 4*h**3. Calculate k(20).
-67
Let m(i) = 53*i - 52. Let p(h) = 115*h - 105. Let x(s) = 13*m(s) - 6*p(s). Determine x(-25).
-21
Let p = 4780 + -4789. Let m(v) = -v**3 - 9*v**2 + 7*v + 7. Determine m(p).
-56
Let y(f) = -4*f**3 - 3*f**2 + f - 24. Let d(h) = 11*h**3 + 8*h**2 - 3*h + 72. Let a(s) = -3*d(s) - 8*y(s). Let r = 1961 - 1961. Determine a(r).
-24
Suppose -2*z = 4*w, 3*w - 7*z + 2*z = 13. Let a(k) = -1 - 8 + 8*k + 0 - k**2 - w. Give a(7).
-3
Let h(u) be the first derivative of u**4 + u + 2. Suppose 23*n = 28*n. Suppose 2*y + 8 = 2*w, -y - 5*w + 12 + 14 = n. Determine h(y).
5
Let c = 46 + -39. Let n be 7 - -3*4/(-3). Let s(b) = -10*b**2 + c*b**2 + 3*b - b**2 + b**n. What is s(2)?
-2
Let x(z) = 8*z**2 - 3. Suppose 32 = -7*r - 3*r - 6*r. Give x(r).
29
Let f(a) = 5*a - 2*a**3 - 8 + 4*a**2 - 79*a**2 - a + 82*a**2. What is f(4)?
-8
Let p = 10 - 18. Let c(o) be the first derivative of o**4/4 + 3*o**3 + 9*o**2/2 - 8*o - 14526. Give c(p).
-16
Let m(g) = g**2 - 7*g + 7. Let u be m(5). Let n = 1124 + -1138. Let i be n*(u - 35/(-10)). Let b(r) = -r - 8. Give b(i).
-1
Let t = 50 - 48. Suppose -9 - 1 = -t*c. Suppose 35 = -5*g - c*f, g - 5*g + 3*f = 28. Let a(x) = -x - 10. Calculate a(g).
-3
Let l be (-8)/28 - (-18)/14. Let i(c) = -19*c**2 - 44*c - 6. Let p(q) = q**2 + 6*q + 1. Let m(u) = -i(u) - 7*p(u). Give m(l).
13
Let p be (84/(-252))/(6/18). Let o(j) be the third derivative of -j**6/20 - j**3/6 + j**2. What is o(p)?
5
Suppose 5*i - 14 = -3*f, 4*f + i = -0 + 13. Let o(b) be the first derivative of b**3/3 - b**2/2 + 3*b - 2. What is o(f)?
9
Let u(f) = 153*f - 1826. Let o be u(12). Suppose -5*s = -2*a - 16, -5*s = -a - 8 - 5. Let n(v) = o + v**s - 10*v + 20*v - 8. Determine n(-10).
2
Suppose -13 + 3 = -2*n. Suppose 0 = x + 3*c + 1, -2*x - 7 = -3*x + n*c. Let l(u) = -8973*u - 4 + 1 + 8975*u. What is l(x)?
1
Let q(o) = o**2 - 19*o - 10. Let z(f) = 2*f**3 + 28*f**2 + 5*f + 91. Let n be z(-14). What is q(n)?
32
Let g be 2 - (9/(-12))/(22/(-176)). Let w(k) = 7*k + 37. Calculate w(g).
9
Let g(f) = f**3 + 5*f**2 - 6*f + 2. Let d = 15 - 21. Let p be g(d). Let j(h) = 6*h + 6*h - 5*h - 4*h**p + 6*h**2. Calculate j(-5).
15
Suppose 2*l = l + 1. Let r(y) = -y**3 + 9*y**2 - 17*y + 23. Let p be r(7). Let s(w) = 2*w**p - 1 + 2*w - 3*w**2 - w - 6*w**2. Calculate s(l).
-7
Suppose -92 = 56*w - 36. Let v(h) = 3*h**3 + 2*h**2 + 2*h. Give v(w).
-3
Let i(r) be the second derivative of r**5/20 - r**4/3 - 7*r**3/6 + 5*r**2/2 - 35*r - 6. Let o be 1/(-2) - (-126)/12. Suppose o = q + q. Give i(q).
-5
Suppose 0 = 3*q + x + 59, 4*x + 11 + 81 = -4*q. Let i = q - -20. Let j(r) = r**3 - 4*r + 4*r**2 - r + 0*r**i + r. Determine j(-5).
-5
Suppose -2*d + 32 = -2*u, -3*d + 32 = 3*u - 4. Let z(v) = 2*v**2 - 42 - 5*v + 9 + 22 + d + 0*v**2. Calculate z(2).
1
Let j(a) = -42358 - 6*a + 42360 + 0*a + 8*a. Let r be (-39)/6 + (-1)/2. Let w(k) = k + 2. Let x be w(r). Determine j(x).
-8
Let o(n) = -n**3 + 12*n**2 - 15*n - 8. Let w be 132/(-16)*(-4 - (-24)/9). Calculate o(w).
-52
Let o = -31 - -31. Let w(n) = 29*n + 5*n**2 - 29*n - 4 - 6*n**2 + 3. Determine w(o).
-1
Let c(n) = 28*n + 42*n + 70 + 65*n - 124*n. Calculate c(-6).
4
Let t(c) be the first derivative of -13*c**2 + 2*c - 1823. Determine t(-3).
80
Let g(n) = -3*n**3 + 8*n**2 - 10*n + 20. Let y(c) = c**3 - c**2 + c - 2. Let k(z) = -g(z) - 2*y(z). Let u be k(5). Let m(o) = -8*o + 1. Determine m(u).
9
Let s be (-3528)/(-20) - -6 - (-3)/5. Let c(k) = k**2 - 18 - 187*k**3 + s*k**3 + 18. Give c(1).
-3
Let s(t) = -t + 4. Let r be ((-35)/2 - 2)*-2. Suppose -r*v + 3 = -192. What is s(v)?
-1
Let o be 1/(0 - 1/(-4)). Let u be (0/(-6))/(1 + -3). Let n(g) = 2 - 3*g + 5*g - g**2 + u*g + 0*g. Calculate n(o).
-6
Let q(x) be the second derivative of -x**4/12 - 5*x**3 - 19*x**2 - 8*x + 23. What is q(-29)?
-9
Let q(u) = 11*u + 1. Let z(d) = -608 + 202 - 12*d + 201 + 204. Let l(y) = -6*q(y) - 5*z(y). Let n be ((-12)/(-9))/((-2)/(-3)). Calculate l(n).
-13
Let u be (-2 - 70/(-15))*6/4. Suppose 2*g = -5*m + 14, 12*g + u*m = 9*g + 21. Let x(t) = t**3 - 7*t**2 + 6. Calculate x(g).
6
Suppose 0 = -6*d - 5 - 1. Let j(m) = 10*m + 2. Let s(u) = -3. Let t(b) = -j(b) + s(b). What is t(d)?
5
Let z = 11 + -16. Let x(v) be the second derivative of -v**5/20 - v**4/2 - v**3/2 - 2*v**2 + 160157*v. Give x(z).
-14
Let x(t) = -4*t - 48. Let w(n) = n**3 - 5*n**2 - 17*n + 10. Let a be w(7). Give x(a).
-4
Let t(v) = 102*v - 3. Suppose 0 = 709*l + 880 - 599 + 1137. Determine t(l).
-207
Suppose 2*r = -4*a - 36, 3*r + 51 = -0*r - 5*a. Let f(n) = -n**2 + 4961 + n**2 - 4950 + 14*n + 7*n**2 - 6*n**2. Give f(r).
-13
Let a(r) = 0*r**2 - 3 + 3*r - 2*r**2 + 2. Suppose 0 = -10*p + 7*p - b - 44, 2*b + 62 = -4*p. Let j be (1 + -8 - p) + -4. Give a(j).
-3
Let l = -6032 + 6026. Let a(f) = f**3 + 3*f**2 - 17*f + 12. Calculate a(l).
6
Suppose 159 - 152 = -7*h. Let p be (2/(-9) + 104/(-18))*h. Let a(k) = -k**3 + 6*k**2 - k + 1. What is a(p)?
-5
Let s(u) be the third derivative of -u**4/12 + 22*u**3/3 + 45*u**2. Let m be s(19). Let o(n) = -3*n**2 + 19*n. What is o(m)?
6
Let l be -4 - ((-632)/316)/(4/14). Let j(h) = 3 - h**3 + 3*h**2 - 3. Determine j(l).
0
Let p(r) be the first derivative of 105 + 2*r**2 - 1/4*r**